{"id":337,"date":"2024-10-21T12:25:13","date_gmt":"2024-10-21T15:25:13","guid":{"rendered":"https:\/\/spps.gob.ar\/?page_id=337"},"modified":"2025-05-07T12:01:38","modified_gmt":"2025-05-07T15:01:38","slug":"capellania","status":"publish","type":"page","link":"https:\/\/spps.gob.ar\/?page_id=337","title":{"rendered":"Capellan\u00eda"},"content":{"rendered":"\n<div class=\"wp-block-uagb-separator uagb-block-55b2efb2\"><div class=\"wp-block-uagb-separator__inner\" style=\"--my-background-image:\"><\/div><\/div>\n\n\n\n<div class=\"wp-block-columns are-vertically-aligned-center is-layout-flex wp-container-core-columns-is-layout-28f84493 wp-block-columns-is-layout-flex\">\n<div class=\"wp-block-column is-vertically-aligned-center is-layout-flow wp-block-column-is-layout-flow\">\n<p>El Servicio Penitenciario de la Provincia de Salta a trav\u00e9s de su capell\u00e1n, Subprefecto\u00a0Pbro. Pablo Enrique Romero Cuestas y el Subalcaide Pbro. Juan Albero\u00a0Alem\u00e1n, brindan asistencia espiritual seg\u00fan lo establecen los estatutos institucionales, tanto a los privado de su libertad, como as\u00ed, tambi\u00e9n al personal penitenciario, siendo este acompa\u00f1amiento un factor de gran relevancia en el desempe\u00f1o laboral.<\/p>\n<\/div>\n\n\n\n<div class=\"wp-block-column is-vertically-aligned-center is-layout-flow wp-block-column-is-layout-flow\">\n<figure class=\"wp-block-image aligncenter size-large is-resized\"><img loading=\"lazy\" decoding=\"async\" width=\"1024\" height=\"1024\" src=\"https:\/\/spps.gob.ar\/wp-content\/uploads\/2025\/02\/WhatsApp-Image-2025-02-03-at-11.46.55-scaled-e1738594106869-1024x1024.jpeg\" alt=\"\" class=\"wp-image-2688\" style=\"width:300px;height:auto\" srcset=\"https:\/\/spps.gob.ar\/wp-content\/uploads\/2025\/02\/WhatsApp-Image-2025-02-03-at-11.46.55-scaled-e1738594106869-1024x1024.jpeg 1024w, https:\/\/spps.gob.ar\/wp-content\/uploads\/2025\/02\/WhatsApp-Image-2025-02-03-at-11.46.55-scaled-e1738594106869-300x300.jpeg 300w, https:\/\/spps.gob.ar\/wp-content\/uploads\/2025\/02\/WhatsApp-Image-2025-02-03-at-11.46.55-scaled-e1738594106869-150x150.jpeg 150w, https:\/\/spps.gob.ar\/wp-content\/uploads\/2025\/02\/WhatsApp-Image-2025-02-03-at-11.46.55-scaled-e1738594106869-768x768.jpeg 768w, https:\/\/spps.gob.ar\/wp-content\/uploads\/2025\/02\/WhatsApp-Image-2025-02-03-at-11.46.55-scaled-e1738594106869.jpeg 1442w\" sizes=\"auto, (max-width: 1024px) 100vw, 1024px\" \/><\/figure>\n<\/div>\n<\/div>\n\n\n\n<p>El sector trabaja en coordinaci\u00f3n con la Pastoral Penitenciaria, integrada por capellanes, personal del servicio y voluntarios civiles pertenecientes a la Arquidi\u00f3cesis de Salta y a la Di\u00f3cesis de San Ram\u00f3n de la Nueva Or\u00e1n. En conjunto, acompa\u00f1an y fortalecen la vida espiritual de las personas privadas de libertad, colaborando en retiros, convivencias y encuentros semanales. Tambi\u00e9n participan activamente en los tiempos lit\u00fargicos de Navidad y Pascua, organizando celebraciones y propuestas de participaci\u00f3n. Adem\u00e1s, promueven la preparaci\u00f3n para los sacramentos, como bautismos (incluso de hijos e hijas de internos que lo soliciten), y otorgan especial relevancia a la festividad de Nuestra Se\u00f1ora de la Merced, patrona de los privados de libertad, cuya celebraci\u00f3n se extiende durante los meses de agosto y septiembre.<\/p>\n\n\n\n<p>El sector capellan\u00eda atiende, seg\u00fan las necesidades y posibilidades:<\/p>\n\n\n\n<p>En el \u00e1rea metropolitana, a:<\/p>\n\n\n\n<figure class=\"wp-block-image alignright size-full is-resized\"><img loading=\"lazy\" decoding=\"async\" width=\"300\" height=\"274\" src=\"https:\/\/spps.gob.ar\/wp-content\/uploads\/2024\/10\/CapillaVirgendelaMerced.jpg\" alt=\"\" class=\"wp-image-340\" style=\"width:319px;height:auto\"\/><\/figure>\n\n\n\n<ul class=\"wp-block-list\">\n<li>Unidades carcelarias N\u00b0 1, N\u00b0 4, N\u00b0 6 y N\u00b0 7<\/li>\n\n\n\n<li>Alcaid\u00eda Gral. N\u00b0 1 (varones y mujeres)<\/li>\n\n\n\n<li>Escuela de Cadetes<\/li>\n\n\n\n<li>Escuela de suboficiales<\/li>\n\n\n\n<li>Instituto especializado de alojamiento N\u00b0 1 (Casta\u00f1ares)<\/li>\n\n\n\n<li>Hogar tr\u00e1nsito (Menores Femeninas)<\/li>\n\n\n\n<li>Hogar Miguel Torino (Cerrillos)<\/li>\n\n\n\n<li>Unidad de Arresto por Monitoreo Electr\u00f3nico.<\/li>\n<\/ul>\n\n\n\n<p>En el interior de la ciudad, a:<\/p>\n\n\n\n<ul class=\"wp-block-list\">\n<li>Unidad carcelaria N\u00b05 (Tartagal)<\/li>\n\n\n\n<li>Alcaid\u00eda N\u00b02 (Tartagal)<\/li>\n\n\n\n<li>Instituto especializado de alojamiento N\u00b0 3 (Tartagal)<\/li>\n\n\n\n<li>Unidad carcelaria N\u00b03 (Or\u00e1n)<\/li>\n\n\n\n<li>Alcaid\u00eda Penal N\u00b03 (Or\u00e1n)<\/li>\n\n\n\n<li>Instituto especializado de alojamiento N\u00b0 2 (Or\u00e1n)<\/li>\n<\/ul>\n\n\n\n<p><strong>Fiesta de Nuestra Se\u00f1ora del Carmen<\/strong><\/p>\n\n\n\n<figure class=\"wp-block-image alignright size-full is-resized\"><img loading=\"lazy\" decoding=\"async\" width=\"268\" height=\"202\" src=\"https:\/\/spps.gob.ar\/wp-content\/uploads\/2024\/10\/capellaNuestraSenoradelCarmen1.jpg\" alt=\"\" class=\"wp-image-338\" style=\"width:auto;height:300px\"\/><\/figure>\n\n\n\n<p>El 16 de julio se celebra la festividad de Nuestra Se\u00f1ora del Carmen, patrona del Servicio Penitenciario de la Provincia de Salta, coincidiendo con el D\u00eda del Agente Penitenciario. Con motivo de esta celebraci\u00f3n, se organiza una peregrinaci\u00f3n con la imagen de la Virgen del Carmen por todas las unidades penitenciarias, organismos de Plana Mayor, escuelas y distintos sectores de la instituci\u00f3n con sede en la ciudad de Salta Capital. Esta actividad culmina con la peregrinaci\u00f3n desde el Complejo Carcelario de Villa Las Rosas hasta la Catedral Bas\u00edlica de Salta, realizada un d\u00eda antes de la festividad en honor a la patrona institucional.<\/p>\n\n\n\n<p><strong>Capilla Virgen de la Merced<\/strong><\/p>\n\n\n\n<p>Conforme lo establecen las normativas existentes en materia de asistencia espiritual a las personas privadas de la libertad, el servicio penitenciario de la provincia de salta brega a trav\u00e9s de representantes calificados de los distintos cultos, la asistencia permanente de los internos alojados en sus establecimientos. As\u00ed mismo, y conforme lo permite la infraestructura de los mismos, se promueven celebraciones lit\u00fargicas, reuniones y otros actos religiosos de los diversos cultos reconocidos.<\/p>\n\n\n\n<p>Las actividades que se realizan en la Capilla Virgen de la Merced, son coordinadas con el personal de capellan\u00eda y la divisi\u00f3n bienestar de internos de cada instituci\u00f3n.<\/p>\n\n\n\n<p>La capellan\u00eda realiza las siguientes actividades:<\/p>\n\n\n\n<div class=\"wp-block-columns is-layout-flex wp-container-core-columns-is-layout-28f84493 wp-block-columns-is-layout-flex\">\n<div class=\"wp-block-column is-layout-flow wp-block-column-is-layout-flow\" style=\"flex-basis:100%\">\n<ul class=\"wp-block-list\">\n<li>Bautismos<\/li>\n\n\n\n<li>Confirmaciones<\/li>\n\n\n\n<li>Casamientos (iglesia cat\u00f3lica):<\/li>\n\n\n\n<li>Acompa\u00f1amiento a los internos y a su grupo familiar a transitar por la vida religiosa<\/li>\n\n\n\n<li>Catequesis (iglesia cat\u00f3lica): a cargo del coordinador de la pastoral penitenciaria, donde participan internos de diferentes pabellones.<\/li>\n\n\n\n<li>Retiro espiritual (iglesia cat\u00f3lica) de&nbsp;miembros de la pastoral penitenciaria, con la participaci\u00f3n de internos, civiles, personal de&nbsp;divisi\u00f3n bienestar y capellan\u00eda.<\/li>\n\n\n\n<li>Se realiz\u00f3 la visita e ingreso de la imagen procesional de la Virgen del Milagro a la cancha del sector de alojamiento \u201cF\u201d de la Unidad Penitenciaria N\u00ba 1. Participaron del evento las autoridades,  el personal penitenciario, la Pastoral y los privado de su libertad de del establecimiento.<\/li>\n\n\n\n<li>procesi\u00f3n de las r\u00e9plicas del se\u00f1or y la virgen del milagro por el penal: las im\u00e1genes \u201creplicas\u201d del sr. y la virgen del milagro, por primera vez ingresaron en procesi\u00f3n por el interior de la unidad penitenciaria N\u00ba 1, pasillos y patio del sector de alojamiento \u201cI\u201d, con la participaci\u00f3n de personal, pastoral penitenciaria, autoridades e internos de todos los pabellones.<\/li>\n\n\n\n<li>Actos lit\u00fargicos y alabanzas<\/li>\n\n\n\n<li>Estudios b\u00edblicos.<\/li>\n\n\n\n<li>Novena en honor al divino ni\u00f1o (iglesia cat\u00f3lica): realizada entre el 15 y el 23 de Diciembre.<\/li>\n\n\n\n<li>Celebraciones por cuaresma<\/li>\n\n\n\n<li>Misa de mi\u00e9rcoles de cenizas (iglesia cat\u00f3lica): ceremonia religiosa destinada a la poblaci\u00f3n penal y al personal penitenciario.<\/li>\n\n\n\n<li>Durante todos los viernes de Cuaresma se realizan V\u00eda Crucis a cargo del coordinador de la Pastoral Penitenciaria. Los destinados al personal del servicio penitenciario recorren como estaciones los distintos sectores de la instituci\u00f3n. Por su parte, los dirigidos a las personas privadas de libertad se llevan a cabo en los diferentes pabellones, incluyendo aquellos destinados a menores y j\u00f3venes adultos.<\/li>\n\n\n\n<li>Festividad de la virgen de la merced (patrona de los privados de libertad): novena, misa y precesi\u00f3n.<\/li>\n\n\n\n<li>Fiestas patronales de la virgen del carmen (patrona de los agentes penitenciarios): novena, misa y precesi\u00f3n.<\/li>\n\n\n\n<li>Conformaci\u00f3n de un grupo de oraci\u00f3n (iglesia cat\u00f3lica): reuniones semanales.<br>creaci\u00f3n del ministerio de m\u00fasica: integrado por internos de distintos sectores de alojamiento de la Unidad Penitenciaria N\u00ba 1 (10 personas), quienes participan de celebraciones religiosas de distintas \u00edndoles.<\/li>\n\n\n\n<li>Proyecto \u201cconcurso mejor pesebre\u201d (iglesia cat\u00f3lica): con la participaci\u00f3n de 12 sectores de alojamiento de la Unidad Penitenciaria N\u00ba 1, 4, 6, 7 y Alcaid\u00eda Gral. N\u00ba 1.<\/li>\n<\/ul>\n<\/div>\n<\/div>\n\n\n\n<p class=\"has-text-align-right\"><\/p>\n\n\n\n<p class=\"has-text-align-right\"><\/p>\n\n\n\n<div class=\"wp-block-columns is-layout-flex wp-container-core-columns-is-layout-28f84493 wp-block-columns-is-layout-flex\">\n<div class=\"wp-block-column is-layout-flow wp-block-column-is-layout-flow\"><\/div>\n\n\n\n<div class=\"wp-block-column is-layout-flow wp-block-column-is-layout-flow\"><\/div>\n\n\n\n<div class=\"wp-block-column is-layout-flow wp-block-column-is-layout-flow\"><\/div>\n<\/div>\n\n\n\n<p><strong><br><\/strong><\/p>\n\n\n\n<p><\/p>\n","protected":false},"excerpt":{"rendered":"<p>El Servicio Penitenciario de la Provincia de Salta a trav\u00e9s de su capell\u00e1n, Subprefecto\u00a0Pbro. Pablo Enrique Romero Cuestas y el [&hellip;]<\/p>\n","protected":false},"author":1,"featured_media":0,"parent":0,"menu_order":0,"comment_status":"closed","ping_status":"closed","template":"","meta":{"_uag_custom_page_level_css":"","site-sidebar-layout":"default","site-content-layout":"","ast-site-content-layout":"default","site-content-style":"default","site-sidebar-style":"default","ast-global-header-display":"","ast-banner-title-visibility":"","ast-main-header-display":"","ast-hfb-above-header-display":"","ast-hfb-below-header-display":"","ast-hfb-mobile-header-display":"","site-post-title":"","ast-breadcrumbs-content":"","ast-featured-img":"","footer-sml-layout":"","ast-disable-related-posts":"","theme-transparent-header-meta":"","adv-header-id-meta":"","stick-header-meta":"","header-above-stick-meta":"","header-main-stick-meta":"","header-below-stick-meta":"","astra-migrate-meta-layouts":"default","ast-page-background-enabled":"default","ast-page-background-meta":{"desktop":{"background-color":"var(--ast-global-color-4)","background-image":"","background-repeat":"repeat","background-position":"center center","background-size":"auto","background-attachment":"scroll","background-type":"","background-media":"","overlay-type":"","overlay-color":"","overlay-opacity":"","overlay-gradient":""},"tablet":{"background-color":"","background-image":"","background-repeat":"repeat","background-position":"center center","background-size":"auto","background-attachment":"scroll","background-type":"","background-media":"","overlay-type":"","overlay-color":"","overlay-opacity":"","overlay-gradient":""},"mobile":{"background-color":"","background-image":"","background-repeat":"repeat","background-position":"center center","background-size":"auto","background-attachment":"scroll","background-type":"","background-media":"","overlay-type":"","overlay-color":"","overlay-opacity":"","overlay-gradient":""}},"ast-content-background-meta":{"desktop":{"background-color":"var(--ast-global-color-5)","background-image":"","background-repeat":"repeat","background-position":"center center","background-size":"auto","background-attachment":"scroll","background-type":"","background-media":"","overlay-type":"","overlay-color":"","overlay-opacity":"","overlay-gradient":""},"tablet":{"background-color":"var(--ast-global-color-5)","background-image":"","background-repeat":"repeat","background-position":"center center","background-size":"auto","background-attachment":"scroll","background-type":"","background-media":"","overlay-type":"","overlay-color":"","overlay-opacity":"","overlay-gradient":""},"mobile":{"background-color":"var(--ast-global-color-5)","background-image":"","background-repeat":"repeat","background-position":"center center","background-size":"auto","background-attachment":"scroll","background-type":"","background-media":"","overlay-type":"","overlay-color":"","overlay-opacity":"","overlay-gradient":""}},"footnotes":""},"class_list":["post-337","page","type-page","status-publish","hentry"],"uagb_featured_image_src":{"full":false,"thumbnail":false,"medium":false,"medium_large":false,"large":false,"1536x1536":false,"2048x2048":false},"uagb_author_info":{"display_name":"adminspps","author_link":"https:\/\/spps.gob.ar\/?author=1"},"uagb_comment_info":0,"uagb_excerpt":"El Servicio Penitenciario de la Provincia de Salta a trav\u00e9s de su capell\u00e1n, Subprefecto\u00a0Pbro. Pablo Enrique Romero Cuestas y el [&hellip;]","_links":{"self":[{"href":"https:\/\/spps.gob.ar\/index.php?rest_route=\/wp\/v2\/pages\/337","targetHints":{"allow":["GET"]}}],"collection":[{"href":"https:\/\/spps.gob.ar\/index.php?rest_route=\/wp\/v2\/pages"}],"about":[{"href":"https:\/\/spps.gob.ar\/index.php?rest_route=\/wp\/v2\/types\/page"}],"author":[{"embeddable":true,"href":"https:\/\/spps.gob.ar\/index.php?rest_route=\/wp\/v2\/users\/1"}],"replies":[{"embeddable":true,"href":"https:\/\/spps.gob.ar\/index.php?rest_route=%2Fwp%2Fv2%2Fcomments&post=337"}],"version-history":[{"count":44,"href":"https:\/\/spps.gob.ar\/index.php?rest_route=\/wp\/v2\/pages\/337\/revisions"}],"predecessor-version":[{"id":3354,"href":"https:\/\/spps.gob.ar\/index.php?rest_route=\/wp\/v2\/pages\/337\/revisions\/3354"}],"wp:attachment":[{"href":"https:\/\/spps.gob.ar\/index.php?rest_route=%2Fwp%2Fv2%2Fmedia&parent=337"}],"curies":[{"name":"wp","href":"https:\/\/api.w.org\/{rel}","templated":true}]}}