{"id":1243,"date":"2024-11-05T12:51:27","date_gmt":"2024-11-05T15:51:27","guid":{"rendered":"https:\/\/spps.gob.ar\/?page_id=1243"},"modified":"2026-03-14T12:23:28","modified_gmt":"2026-03-14T15:23:28","slug":"unidad-de-arresto-domiciliario-por-monitoreo-electronico","status":"publish","type":"page","link":"https:\/\/spps.gob.ar\/?page_id=1243","title":{"rendered":"Unidad de Arresto Domiciliario por Monitoreo Electr\u00f3nico"},"content":{"rendered":"\n<h5 class=\"wp-block-heading has-text-align-center\"><\/h5>\n\n\n\n<h3 class=\"wp-block-heading has-black-color has-text-color has-background has-link-color has-medium-font-size wp-elements-aec8bc7bb47d120c26f335f8f39cee0d\" style=\"background-color:#e4e4e4\"><strong>Informaci\u00f3n General<\/strong><\/h3>\n\n\n\n<div class=\"wp-block-columns is-layout-flex wp-container-core-columns-is-layout-28f84493 wp-block-columns-is-layout-flex\">\n<div class=\"wp-block-column is-vertically-aligned-center is-layout-flow wp-block-column-is-layout-flow\" style=\"flex-basis:33.33%\">\n<p><strong>Direcci\u00f3n<\/strong>: Calle Ameghino N\u00b0 630, Ciudad de Salta<br><strong>Localidad<\/strong>: Sistema de Emergencia 911  &#8211; Salta<br><strong>Tel\u00e9fono<\/strong>: &#8211;<\/p>\n\n\n\n<div class=\"wp-block-buttons has-custom-font-size is-content-justification-center is-layout-flex wp-container-core-buttons-is-layout-c124d1c4 wp-block-buttons-is-layout-flex\" style=\"font-size:13px\">\n<div class=\"wp-block-button has-custom-width wp-block-button__width-75 is-style-outline is-style-outline--1\"><a class=\"wp-block-button__link has-black-color has-white-background-color has-text-color has-background has-link-color wp-element-button\" href=\"https:\/\/www.google.com\/maps\/dir\/\/-24.7293437,-65.4166998\/@-24.7301286,-65.4175683,17.75z?entry=ttu&amp;g_ep=EgoyMDI0MTEwNi4wIKXMDSoASAFQAw%3D%3D\" style=\"border-radius:0px\" target=\"_blank\" rel=\"noreferrer noopener\">Ubicaci\u00f3n<\/a><\/div>\n<\/div>\n<\/div>\n\n\n\n<div class=\"wp-block-column is-vertically-aligned-center is-layout-flow wp-block-column-is-layout-flow\" style=\"flex-basis:66.66%\">\n<figure class=\"wp-block-image aligncenter size-full\"><img loading=\"lazy\" decoding=\"async\" width=\"903\" height=\"592\" src=\"https:\/\/spps.gob.ar\/wp-content\/uploads\/2025\/04\/WhatsApp-Image-2025-04-29-at-11.23.44-1.jpeg\" alt=\"\" class=\"wp-image-2972\" style=\"aspect-ratio:16\/9;object-fit:cover\" srcset=\"https:\/\/spps.gob.ar\/wp-content\/uploads\/2025\/04\/WhatsApp-Image-2025-04-29-at-11.23.44-1.jpeg 903w, https:\/\/spps.gob.ar\/wp-content\/uploads\/2025\/04\/WhatsApp-Image-2025-04-29-at-11.23.44-1-300x197.jpeg 300w, https:\/\/spps.gob.ar\/wp-content\/uploads\/2025\/04\/WhatsApp-Image-2025-04-29-at-11.23.44-1-768x503.jpeg 768w\" sizes=\"auto, (max-width: 903px) 100vw, 903px\" \/><\/figure>\n<\/div>\n<\/div>\n\n\n\n<p>La Direcci\u00f3n de la Unidad de Arresto Domiciliario por Monitoreo Electr\u00f3nico (U.A.D.M.E.) esta a cargo de la <strong><em>Alcaide Mayor Lic. Yamila Pamela Ortiz<\/em><\/strong>, funciona en el Centro de Coordinaci\u00f3n Operativa del 911. Est\u00e1 ubicada en un lugar estrat\u00e9gico para facilitar la supervisi\u00f3n y el control de las personas que cumplen las medidas de arresto dentro de su domicilio.<\/p>\n\n\n\n<div style=\"height:38px\" aria-hidden=\"true\" class=\"wp-block-spacer\"><\/div>\n\n\n\n<h3 class=\"wp-block-heading has-black-color has-text-color has-background has-link-color has-medium-font-size wp-elements-16aaa8d77354dce2422aefed0be7a4fb\" style=\"background-color:#d7d7d7\"><strong>Rese\u00f1a Hist\u00f3rica <\/strong><\/h3>\n\n\n\n<p>La U.A.D.M.E. fue creada el <strong>16 de abril de 2018<\/strong>, mediante la<strong> Resoluci\u00f3n N\u00b0 287\/18<\/strong> del Ministerio de Gobierno y Derechos Humanos y Justicia de la Provincia de Salta. Desde entonces, ha estado en funcionamiento como una herramienta moderna y efectiva para la supervisi\u00f3n de personas en arresto domiciliario, buscando reducir la cantidad de personas en prisi\u00f3n y facilitar su reinserci\u00f3n social.<\/p>\n\n\n\n<div class=\"wp-block-columns is-layout-flex wp-container-core-columns-is-layout-28f84493 wp-block-columns-is-layout-flex\">\n<div class=\"wp-block-column is-layout-flow wp-block-column-is-layout-flow\" style=\"flex-basis:66.66%\">\n<h3 class=\"wp-block-heading has-black-color has-text-color has-background has-link-color has-medium-font-size wp-elements-a7db74294d21511d51744b1b031ddd2a\" style=\"background-color:#d6d6d6\"><strong>Funciones y Objetivos<\/strong><\/h3>\n\n\n\n<p>Su principal misi\u00f3n es supervisar los mecanismos de vigilancia electr\u00f3nica aplicados a personas que cumplen arresto o prisi\u00f3n domiciliaria, seg\u00fan lo disponga la autoridad judicial. La unidad contribuye a mitigar el impacto negativo de la privaci\u00f3n de libertad, promoviendo una mayor integraci\u00f3n con la familia y la comunidad. Adem\u00e1s, busca ser un complemento \u00fatil para la funci\u00f3n judicial y otras instituciones como el Patronato de Presos y Liberados y la Polic\u00eda de la Provincia, en pos de la reinserci\u00f3n social.<\/p>\n\n\n\n<h3 class=\"wp-block-heading has-black-color has-text-color has-background has-link-color has-medium-font-size wp-elements-219b399077d271d088f15c8c3e797843\" style=\"background-color:#d7d7d7\"><strong>Estructura y Personal<\/strong><\/h3>\n\n\n\n<p>La direcci\u00f3n de la Unidad, quien lleva adelante la conducci\u00f3n operativa y administrativa de las diferentes \u00e1reas que conforman la unidad. Actualmente, cuenta con un equipo de 24 efectivos de distintos escalafones, dedicados a garantizar el correcto funcionamiento del monitoreo y la supervisi\u00f3n.<\/p>\n<\/div>\n\n\n\n<div class=\"wp-block-column is-vertically-aligned-center is-layout-flow wp-block-column-is-layout-flow\" style=\"flex-basis:33.33%\">\n<figure class=\"wp-block-image size-large\"><img loading=\"lazy\" decoding=\"async\" width=\"461\" height=\"1024\" src=\"https:\/\/spps.gob.ar\/wp-content\/uploads\/2025\/05\/WhatsApp-Image-2025-05-15-at-13.34.29-461x1024.jpeg\" alt=\"\" class=\"wp-image-3550\" srcset=\"https:\/\/spps.gob.ar\/wp-content\/uploads\/2025\/05\/WhatsApp-Image-2025-05-15-at-13.34.29-461x1024.jpeg 461w, https:\/\/spps.gob.ar\/wp-content\/uploads\/2025\/05\/WhatsApp-Image-2025-05-15-at-13.34.29-135x300.jpeg 135w, https:\/\/spps.gob.ar\/wp-content\/uploads\/2025\/05\/WhatsApp-Image-2025-05-15-at-13.34.29-691x1536.jpeg 691w, https:\/\/spps.gob.ar\/wp-content\/uploads\/2025\/05\/WhatsApp-Image-2025-05-15-at-13.34.29.jpeg 720w\" sizes=\"auto, (max-width: 461px) 100vw, 461px\" \/><\/figure>\n<\/div>\n<\/div>\n\n\n\n<h3 class=\"wp-block-heading has-black-color has-text-color has-background has-link-color has-medium-font-size wp-elements-11d90cdc76b2cd44e0d6da74ad73da15\" style=\"background-color:#d6d6d6\"><strong>Importancia y Beneficios<\/strong><\/h3>\n\n\n\n<p>El mecanismo de vigilancia electr\u00f3nica es una herramienta alternativa y auxiliar para el sistema judicial, permitiendo que las personas puedan cumplir sus medidas restrictivas en el domicilio, con monitoreo constante. Esto ayuda a reducir la cantidad de personas en prisi\u00f3n, favorece su reintegraci\u00f3n social y mantiene un contacto m\u00e1s cercano con su entorno familiar y social.<\/p>\n\n\n\n<p><\/p>\n","protected":false},"excerpt":{"rendered":"<p>Informaci\u00f3n General Direcci\u00f3n: Calle Ameghino N\u00b0 630, Ciudad de SaltaLocalidad: Sistema de Emergencia 911 &#8211; SaltaTel\u00e9fono: &#8211; La Direcci\u00f3n de [&hellip;]<\/p>\n","protected":false},"author":1,"featured_media":0,"parent":0,"menu_order":0,"comment_status":"closed","ping_status":"closed","template":"","meta":{"_uag_custom_page_level_css":"","site-sidebar-layout":"default","site-content-layout":"","ast-site-content-layout":"default","site-content-style":"default","site-sidebar-style":"default","ast-global-header-display":"","ast-banner-title-visibility":"","ast-main-header-display":"","ast-hfb-above-header-display":"","ast-hfb-below-header-display":"","ast-hfb-mobile-header-display":"","site-post-title":"","ast-breadcrumbs-content":"","ast-featured-img":"","footer-sml-layout":"","ast-disable-related-posts":"","theme-transparent-header-meta":"","adv-header-id-meta":"","stick-header-meta":"","header-above-stick-meta":"","header-main-stick-meta":"","header-below-stick-meta":"","astra-migrate-meta-layouts":"default","ast-page-background-enabled":"default","ast-page-background-meta":{"desktop":{"background-color":"var(--ast-global-color-4)","background-image":"","background-repeat":"repeat","background-position":"center center","background-size":"auto","background-attachment":"scroll","background-type":"","background-media":"","overlay-type":"","overlay-color":"","overlay-opacity":"","overlay-gradient":""},"tablet":{"background-color":"","background-image":"","background-repeat":"repeat","background-position":"center center","background-size":"auto","background-attachment":"scroll","background-type":"","background-media":"","overlay-type":"","overlay-color":"","overlay-opacity":"","overlay-gradient":""},"mobile":{"background-color":"","background-image":"","background-repeat":"repeat","background-position":"center center","background-size":"auto","background-attachment":"scroll","background-type":"","background-media":"","overlay-type":"","overlay-color":"","overlay-opacity":"","overlay-gradient":""}},"ast-content-background-meta":{"desktop":{"background-color":"var(--ast-global-color-5)","background-image":"","background-repeat":"repeat","background-position":"center center","background-size":"auto","background-attachment":"scroll","background-type":"","background-media":"","overlay-type":"","overlay-color":"","overlay-opacity":"","overlay-gradient":""},"tablet":{"background-color":"var(--ast-global-color-5)","background-image":"","background-repeat":"repeat","background-position":"center center","background-size":"auto","background-attachment":"scroll","background-type":"","background-media":"","overlay-type":"","overlay-color":"","overlay-opacity":"","overlay-gradient":""},"mobile":{"background-color":"var(--ast-global-color-5)","background-image":"","background-repeat":"repeat","background-position":"center center","background-size":"auto","background-attachment":"scroll","background-type":"","background-media":"","overlay-type":"","overlay-color":"","overlay-opacity":"","overlay-gradient":""}},"footnotes":""},"class_list":["post-1243","page","type-page","status-publish","hentry"],"uagb_featured_image_src":{"full":false,"thumbnail":false,"medium":false,"medium_large":false,"large":false,"1536x1536":false,"2048x2048":false},"uagb_author_info":{"display_name":"adminspps","author_link":"https:\/\/spps.gob.ar\/?author=1"},"uagb_comment_info":0,"uagb_excerpt":"Informaci\u00f3n General Direcci\u00f3n: Calle Ameghino N\u00b0 630, Ciudad de SaltaLocalidad: Sistema de Emergencia 911 &#8211; SaltaTel\u00e9fono: &#8211; La Direcci\u00f3n de [&hellip;]","_links":{"self":[{"href":"https:\/\/spps.gob.ar\/index.php?rest_route=\/wp\/v2\/pages\/1243","targetHints":{"allow":["GET"]}}],"collection":[{"href":"https:\/\/spps.gob.ar\/index.php?rest_route=\/wp\/v2\/pages"}],"about":[{"href":"https:\/\/spps.gob.ar\/index.php?rest_route=\/wp\/v2\/types\/page"}],"author":[{"embeddable":true,"href":"https:\/\/spps.gob.ar\/index.php?rest_route=\/wp\/v2\/users\/1"}],"replies":[{"embeddable":true,"href":"https:\/\/spps.gob.ar\/index.php?rest_route=%2Fwp%2Fv2%2Fcomments&post=1243"}],"version-history":[{"count":12,"href":"https:\/\/spps.gob.ar\/index.php?rest_route=\/wp\/v2\/pages\/1243\/revisions"}],"predecessor-version":[{"id":4954,"href":"https:\/\/spps.gob.ar\/index.php?rest_route=\/wp\/v2\/pages\/1243\/revisions\/4954"}],"wp:attachment":[{"href":"https:\/\/spps.gob.ar\/index.php?rest_route=%2Fwp%2Fv2%2Fmedia&parent=1243"}],"curies":[{"name":"wp","href":"https:\/\/api.w.org\/{rel}","templated":true}]}}